a prime number?
True
Is 42157 composite?
False
Is 4003 composite?
False
Is 126679 a prime number?
False
Is 991253 composite?
True
Is 142009 a prime number?
False
Is 47942 composite?
True
Is 178247 composite?
False
Is 28699 prime?
False
Is 1523 prime?
True
Is 67817 a prime number?
False
Is 12451 a composite number?
False
Is 9871 composite?
False
Is 12601 a prime number?
True
Is 39869 prime?
True
Is 25969 a prime number?
True
Is 68941 prime?
False
Is 88309 a prime number?
False
Is 24595 a prime number?
False
Is 44417 prime?
True
Is 196331 prime?
True
Is 266047 a prime number?
True
Is 7283 a composite number?
False
Is 3851935 a composite number?
True
Is 1928717 composite?
True
Is 6667 a prime number?
False
Is 1009 composite?
False
Is 39659 prime?
True
Is 39917 prime?
False
Is 2336647 a prime number?
False
Is 96491 a prime number?
False
Is 24866 a composite number?
True
Is 5147 prime?
True
Is 127 a composite number?
False
Is 14633 a prime number?
True
Is 255173 prime?
True
Is 1678837 prime?
True
Is 5399 composite?
False
Is 6067 composite?
False
Is 26479 prime?
True
Is 162569 prime?
False
Is 6599 a prime number?
True
Is 2103139 prime?
True
Is 1067459 a composite number?
False
Is 762401 prime?
True
Is 62227 composite?
True
Is 10279 composite?
True
Is 604649 a composite number?
False
Is 485191 composite?
True
Is 14207 composite?
False
Is 51383 prime?
True
Is 18229 prime?
True
Is 15247 prime?
False
Is 2587399 a prime number?
True
Is 4821 a prime number?
False
Is 7603 a prime number?
True
Is 13291 prime?
True
Is 214087 composite?
False
Is 121037 a prime number?
False
Is 35141 a prime number?
True
Is 118661 composite?
False
Is 269554 a composite number?
True
Is 213611 a prime number?
True
Is 5779 a prime number?
True
Is 1036093 a prime number?
True
Is 3503 a composite number?
True
Is 5737 prime?
True
Is 10294 a composite number?
True
Is 36827 composite?
True
Is 2358229 prime?
False
Is 104911 composite?
False
Is 1048867 a prime number?
True
Is 121039 a prime number?
True
Is 261541 prime?
False
Is 57011 a composite number?
True
Is 43951 composite?
False
Is 192243 composite?
True
Is 202841 prime?
True
Is 22171 a prime number?
True
Is 40577 a composite number?
False
Is 159 composite?
True
Is 216607 prime?
True
Is 168719 prime?
True
Is 113327 a composite number?
False
Is 5021 prime?
True
Is 20287 composite?
False
Is 22213 prime?
False
Is 23683 composite?
True
Is 877 a composite number?
False
Is 7109 a prime number?
True
Is 287611 a composite number?
False
Is 339943 a composite number?
False
Is 633283 prime?
False
Is 2443933 prime?
True
Is 10651 a prime number?
True
Is 1512253 a prime number?
True
Is 919973 a prime number?
False
Is 12517 prime?
True
Is 102353 composite?
True
Is 350699 a composite number?
False
Is 67499 prime?
True
Is 77489 prime?
True
Is 10159 prime?
True
Is 10319 prime?
False
Is 631 prime?
True
Is 803813 a composite number?
False
Is 1006 prime?
False
Is 17503 composite?
True
Is 104459 a prime number?
True
Is 24317 composite?
False
Is 3653 prime?
False
Is 2173235 prime?
False
Is 45827 prime?
True
Is 271069 composite?
True
Is 252277 a composite number?
False
Is 25837 composite?
True
Is 85957 composite?
True
Is 8497 a prime number?
False
Is 569513 a prime number?
False
Is 4327 prime?
True
Is 3437 a prime number?
False
Is 31747 a composite number?
True
Is 6843 prime?
False
Is 12574 prime?
False
Is 26083 a prime number?
True
Is 645845 a composite number?
True
Is 1120303 composite?
False
Is 76379 prime?
True
Is 7321 a composite number?
False
Is 4398047 a prime number?
True
Is 100369 composite?
True
Is 339949 prime?
False
Is 36587 composite?
False
Is 3821 a composite number?
False
Is 1255 prime?
False
Is 456017 a prime number?
False
Is 71371 a composite number?
True
Is 89027 a composite number?
True
Is 2129 a composite number?
False
Is 1143577 a composite number?
False
Is 1541 composite?
True
Is 3587 a prime number?
False
Is 13261 composite?
True
Is 212627 composite?
False
Is 37613 a prime number?
False
Is 456499 composite?
False
Is 66277 prime?
False
Is 705389 composite?
False
Is 9587 a prime number?
True
Is 276319 a prime number?
True
Is 614093 prime?
True
Is 6947 prime?
True
Is 109639 prime?
True
Is 72997 composite?
False
Is 12323 a prime number?
True
Is 26801 prime?
True
Is 124427 a composite number?
False
Is 85055 a prime number?
False
Is 233173 composite?
False
Is 188107 a prime number?
True
Is 735901 a composite number?
False
Is 103193 a composite number?
True
Is 1823 composite?
False
Is 55679 prime?
False
Is 314 a composite number?
True
Is 1232614 a composite number?
True
Is 19517 composite?
True
Is 8659 prime?
False
Is 34199 a composite number?
True
Is 70271 a composite number?
False
Is 177883 a prime number?
True
Is 419873 composite?
False
Is 568033 a composite number?
False
Is 11017 a prime number?
False
Is 19661 a composite number?
False
Is 55661 a composite number?
False
Is 29293 a prime number?
False
Is 14737 prime?
True
Is 499 prime?
True
Is 61453 composite?
True
Is 578947 a composite number?
True
Is 110339 composite?
False
Is 412259 prime?
False
Is 70351 a prime number?
True
Is 15133 a composite number?
True
Is 86677 a composite number?
False
Is 124573 composite?
True
Is 418445 prime?
False
Is 9461 composite?
False
Is 51619 prime?
False
Is 364643 composite?
False
Is 13963 prime?
True
Is 78119 composite?
True
Is 121853 a composite number?
False
Is 12047 prime?
False
Is 3183 prime?
False
Is 108073 a prime number?
False
Is 132898 prime?
False
Is 1480147 a composite number?
True
Is 19441 a prime number?
True
Is 908422 a prime number?
False
Is 190207 prime?
True
Is 2901649 a prime number?
True
Is 6803 prime?
True
Is 462211 a prime number?
False
Is 8791 a composite number?
True
Is 673889 a composite number?
True
Is 309521 composite?
False
Is 767909 prime?
True
Is 186115 a composite number?
True
Is 36349 a composite number?
True
Is 26354 composite?
True
Is 33457 composite?
False
Is 7639 a composite number?
False
Is 901709 composite?
False
Is 1733 composite?
False
Is 667 composite?
True
Is 145207 a composite number?
False
Is 2227 prime?
False
Is 250697 prime?
False
Is 10363 composite?
True
Is 1680797 a composite number?
True
Is 353981 a prime number?
False
Is 146639 composite?
False
Is 19741 a composite number?
True
Is 2939 prime?
True
Is 3679 composite?
True
Is 1858 prime?
False
Is 56251 prime?
False
Is 24967 prime?
True
Is 4511 a composite number?
True
Is 75239 a composite number?
False
Is 204691 a composite number?
True
Is 16013 a prime number?
False
Is 27041 prime?
False
Is 23251 a composite number?
False
Is 750929 prime?
True
Is 170783 prime?
False
Is 15557 a prime number?
False
Is 1371641 composite?
False
Is 239671 a prime number?
True
Is 4393 composite?
True
Is 5639 prime?
True
Is 110221 composite?
False
Is 19531 prime?
True
Is 3413 composite?
False
Is 28889 a composite number?
True
Is 41167 prime?
False
Is 18869 composite?
False
Is 4083 a prime number?
False
Is 23969 a prime number?
False
Is 6143 a composite number?
False
Is 374307 composite?
True
Is 2217659 composite?
True
Is 5261 composite?
False
Is 7349 composite?
False
Is 6017 a prime number?
False
Is 155009 prime?
True
Is 2777 composite?
False
Is 174367 a composite number?
False
Is 404941 a composite number?
False
Is 1495363 prime?
True
Is 65218 a prime number?
False
Is 2927 composite?
False
Is 6805 a prime number?
False
Is 30551 a prime number?
False
Is 11953 composite?
False
Is 152003 composite?
False
Is 178 composite?
True
Is 3881 a prime number?
True
Is 17149 composite?
True
Is 55001 a prime number?
True
Is 24191 prime?
False
Is 11777 a composite number?
False
Is 22303 composite?
False
Is 102171 a composite number?
True
Is 19447 prime?
True
Is 10451 a composite number?
True
Is 70663 a prime number?
True
Is 104983 a composite number?
True
Is 3067 a prime number?
True
Is 11111 a prime number?
False
Is 1577987 a prime number?
True
Is 11341 a prime number?
False
Is 2119829 a composite number?
False
Is 2159 a prime number?
False
Is 148787 a composite number?
True
Is 67021 a prime number?
True
Is 400573 composite?
True
Is 28073 a composite number?
True
Is 322169 composite?
False
Is 3389 composite?
False
Is 2293 prime?
True
Is 25339 composite?
False
Is 2045 prime?
False
Is 41